o + 7*g - i, 0 = 4*o + 2*g - k. What are the prime factors of o?
41
Let t(a) = 12*a + 17. Let p be t(5). Let i = p - 23. Suppose 0 = -3*l + l + i. What are the prime factors of l?
3
Let z(q) = q**2 - 16*q + 17. Let c be (-279)/(-21) + 10/(-35). Let a be z(c). List the prime factors of (a/(-4))/(-3 - 49/(-14)).
11
Suppose f = -4*o + 5969, 0 = -3*o - f + 5*f + 4472. List the prime factors of o.
2, 373
Suppose -4*r - 217539 = -31*r. What are the prime factors of r?
7, 1151
Suppose 4*d + 1432 = -4*s, 4 = -s + 6. What are the prime factors of 1/(-5) - 9/(d/50528)?
3, 421
Let l(h) = -565*h + 23. Let u be l(-7). Suppose -2*v + 2*r = -u, -13*v + 8*v = 2*r - 9931. What are the prime factors of v?
1987
Let l be ((-3)/9)/((-2)/(-6348)). Let j = -565 - l. List the prime factors of j.
17, 29
Suppose 2*g - 5*q - 4868 - 849 = 0, 5*g + 4*q = 14309. Suppose 3*i - 3*d = 2022, 2*d - g + 849 = -3*i. List the prime factors of i.
2, 3, 7
Suppose -4*y + 4*q = 344, -3*q - 5 = 7. Let i = y - -205. What are the prime factors of i?
5, 23
List the prime factors of ((507/78)/((-1)/6))/((-6)/1648).
2, 13, 103
Let c be (2 - -1)/((-3)/(15/(-5))). Suppose 4*q = 4*v + 1076, -2*q = -c*q - 5*v + 239. Suppose q = -17*j + 1522. What are the prime factors of j?
2, 37
Suppose -13*o + 68656 = o - 6*o. What are the prime factors of o?
2, 7, 613
Suppose -23 = 3*t - 20, 3*w - 2*t = 12881. Suppose -2727 - w = -15*c. What are the prime factors of c?
2, 3, 13
Let p = 316 + -196. List the prime factors of p/(-96) - 2113/(-4).
17, 31
Suppose -6*f + 3*f = 5*h + 344, 0 = -2*f - 5*h - 221. Let q = 97 - f. List the prime factors of q.
2, 5, 11
Let t(i) = i**2 + 5*i + 38. Let n be t(25). Let w = n - 268. List the prime factors of w.
2, 5, 13
Suppose -3*s + 3*k + 137791 + 35777 = 0, 0 = 2*s + 3*k - 115742. List the prime factors of s.
2, 7, 4133
Suppose -4*i = -5*n + 31, -4*n + 24 = -3*i - 0*i. Suppose -4*v = -n*m - 1426, v - 5*m = -m + 350. List the prime factors of v.
2, 179
Suppose -q + 119966 = 4*k - 3690, -154583 = -5*k + 2*q. What are the prime factors of k?
3, 5, 229
Let r = 10898 - 7625. Let i = -2201 + r. List the prime factors of i.
2, 67
Let j(k) = k + 63. Let r = 155 - 154. Suppose m + 3*l + 25 = 0, -m = -0*m - 5*l + r. What are the prime factors of j(m)?
47
Suppose -g - 4*u + 15932 = 0, g - 22343 = 5*u - 6474. What are the prime factors of g?
2, 7, 71
What are the prime factors of (-7)/(15 + (-72844)/4856)?
2, 7, 607
Suppose 11*v - 112039 = 20852. What are the prime factors of v?
3, 4027
Suppose 2*n = l + n, -2*l = 2*n. What are the prime factors of 1698/4 - (l + 2)/4?
2, 53
Let w(n) = n**3 + 16*n**2 + 16*n - 1. Suppose 4*i + 34 = -26. Let z be w(i). What are the prime factors of (8/14)/(z/(-3416))?
2, 61
Let i(n) = -88*n**3 + 7*n**2 + 17*n + 13. List the prime factors of i(-4).
5689
Let o = -85 - -86. Let h be -1*(6/o - 3)*-3. Suppose -l = 4*z - h*z - 40, -2*l - z = -69. List the prime factors of l.
5, 7
Let g = -233 + 235. Let n(u) = 238*u - 55. What are the prime factors of n(g)?
421
What are the prime factors of 525/175 - 1389/6*-40?
59, 157
Let r(g) = -2863*g - 912. What are the prime factors of r(-5)?
13, 1031
Suppose 2*w - 552 = -2*w. Let f = 65 - w. Let h = -19 - f. What are the prime factors of h?
2, 3
Let k(a) = a**3 - 7*a**2 + a - 1. Let w be k(7). List the prime factors of 13/(26/w)*510.
2, 3, 5, 17
Suppose -3991 = -2*w - 4*j - 677, 2*j = w - 1665. Suppose 995 = 3*a + 2*o, 2*o - w = -5*a - 0*a. List the prime factors of a.
3, 37
Let b = 1675 + 6334. List the prime factors of b.
8009
Suppose 15747 = 3*j + 4*c, 3*j = j - 2*c + 10496. What are the prime factors of j?
5, 1049
Suppose -6*d = -10*d - 7*w + 125020, -4*w = 3*d - 93770. List the prime factors of d.
2, 7, 11, 29
Suppose 5*j + 4*x - 12576 = 0, 5*j + 10*x = 13*x + 12548. What are the prime factors of j?
2, 157
Let o be ((-17)/51)/(1/(-9)) + 1. List the prime factors of 31064/99 + o/18.
2, 157
Let d(f) = 338*f**2 + f - 16 - 336*f**2 - 5 - 5*f. Suppose t = -3 - 3. List the prime factors of d(t).
3, 5
Let a = 258 + -252. Let f(w) = 17*w**2 - 6*w - 11. List the prime factors of f(a).
5, 113
Let n(x) = -36*x + 78. Let o be n(2). Suppose -5294 = -5*d - h, -o*h + 1 = -7*h. List the prime factors of d.
3, 353
Let o be (-6 + -48)*58/6. Let b = -335 - o. List the prime factors of b.
11, 17
Suppose 4*j = -2*y - 1024, -3 = -4*y + 5. Let w(f) = -f**2 + 8*f + 3. Let k be w(-10). Let l = k - j. What are the prime factors of l?
2, 5
Suppose -2062165 = -31*i - 64*i. List the prime factors of i.
7, 443
Suppose -3*v = -4*v + 886. Suppose 292 = 3*h - f - v, 1188 = 3*h - 3*f. What are the prime factors of h?
17, 23
Let m = -64097 + 134258. What are the prime factors of m?
3, 7, 13, 257
Suppose 4*a - 2*z - 2 = 0, 6*a - a - z + 5 = 0. Let k be 7 + 12/8*a. Suppose -6*x + 96 = -k*x. What are the prime factors of x?
2, 3
Let x = -182 - -194. Suppose -16*r + 668 = -x*r. What are the prime factors of r?
167
Suppose -55*u = -54*u - 7. Suppose 8647 = u*z - 1076. What are the prime factors of z?
3, 463
Let a(h) = -551*h. Let f(o) = 24*o. Let y(p) = -5*a(p) - 114*f(p). Let r be y(-14). Let b = -159 - r. List the prime factors of b.
107
Suppose -272 = -96*u + 80*u. Suppose -41800 = u*f - 55*f. What are the prime factors of f?
2, 5, 11
List the prime factors of 4207045/46*((336/15)/(-7) + 4).
2, 36583
Let w = -3263 + 5400. List the prime factors of w.
2137
Suppose 4*u = 25*b - 27*b + 36790, -91987 = -5*b - 4*u. What are the prime factors of b?
3, 6133
Let v = 23888 + -10334. List the prime factors of v.
2, 3, 251
Let r be 3 + -1 - (-2)/2. Let h(f) = f**3 - 3*f**2 + 4*f - 5. Let z be h(r). Suppose -z*o = -4*o - 189. What are the prime factors of o?
3, 7
Let d(j) = -243*j**3 + j. Suppose 0 = -2*p + 7*p + 3*a + 8, 5*a = 5*p. What are the prime factors of d(p)?
2, 11
Let b(t) = 44*t + 59. Let y = -225 - -233. What are the prime factors of b(y)?
3, 137
Let n(m) = 4*m**2 - 12 - 10 - 5*m + 6 + 0. Let s be n(6). Suppose -s = 23*x - 25*x. What are the prime factors of x?
7
Suppose 0 = -a + 5*a - 124. Let h be (1 - 37)/(30/20). Let y = h + a. What are the prime factors of y?
7
Let q = -1516 + 3236. List the prime factors of q.
2, 5, 43
Suppose 41 = 23*p - 28. Suppose p*x + 644 = c, c + x - 130 = 530. What are the prime factors of c?
2, 41
Let b(f) = 24*f**2 - 45*f - 1203. List the prime factors of b(-20).
3, 1033
Let n(q) = 3*q**3 + 11*q**2 + 2*q + 9. Let h be n(5). Let j = -125 + h. What are the prime factors of j?
2, 17
Let t = -857 + 5188. List the prime factors of t.
61, 71
Let n(i) = -2*i**3 - 5*i**2 - 4*i. Let x be n(-4). Let j = 254 - 122. Let l = j - x. List the prime factors of l.
2, 17
Let r be (0 - 0)/(4 + -1). Suppose -c + 3527 = 3*s + 671, r = -4*s + 2*c + 3808. List the prime factors of s.
2, 7, 17
Suppose 0 = -15*y + 150451 + 11382 - 25018. List the prime factors of y.
7, 1303
Let p(i) = -4*i + 55. Let x(z) = z**3 - 17*z**2 - 17*z - 14. Let b be x(18). Suppose 0 = -2*g - 2, -2*q - 5*g + 31 = -b*q. What are the prime factors of p(q)?
127
Suppose -f + 4*z + 5151 = -3171, -3*z = 3*f - 24921. What are the prime factors of f?
2, 3, 5, 277
Suppose -11*k - 826 = -18*k. Let q = k + 170. What are the prime factors of q?
2, 3
Let k(r) = -2*r**3 + 34*r**2 - 24*r + 24. Let t be (-1)/((-5)/155 - 0). Suppose -t = -2*p + 1. What are the prime factors of k(p)?
2, 19
Let c(f) = 4*f**2 - 20*f + 486. List the prime factors of c(-19).
2, 3, 5, 7, 11
Let o = -80 - -116. Let s = 36 - o. List the prime factors of (-29946)/69*((-1)/2 - s).
7, 31
Suppose -3*l + 19 = -v, -l - 2*l - v = -11. Suppose 3*f = -l*u + 256, 5*f + 40 = u - 0*u. What are the prime factors of u?
2, 5
Let l be (9/(-6))/(-3)*0. Let o(b) = -12*b + 2*b + 82 - b**2 + 28 + 4*b + 4*b. What are the prime factors of o(l)?
2, 5, 11
Let s(h) be the second derivative of -19*h**3/6 - 21*h**2/2 + 2*h. Suppose 0 = -2*k - 5*c - 30, -11 = k + 3*c + 6. What are the prime factors of s(k)?
2, 37
Let j(w) = -w**3 + 12*w**2 - 11*w + 5. Let f = -32 - -43. Let m be j(f). Suppose -x + 65 = 4*x - m*g, -4*g = -x + 13. What are the prime factors of x?
13
Suppose -3*c = -3*i + 2796, 2*i - 7*c + 3*c - 1862 = 0. Suppose 9*m - 8049 - i = 0. What are the prime factors of m?
2, 499
Suppose 3 + 70 = -5*u + 3*z, 4*u + 51 = -5*z. 